 532*g**2 - 88*g + 72. What are the prime factors of x(-5)?
2, 3, 1151
Let g(k) = 53*k - 31. Let i be g(8). Let q = -153 + i. Suppose 3*p - 590 = -c, p - q + 46 = -3*c. List the prime factors of p.
197
Let i be (-1)/7*-2 - (-11178)/322. Suppose i*a = 13*a + 22308. List the prime factors of a.
2, 3, 13
Let r = 12387 + -8112. What are the prime factors of r?
3, 5, 19
Let o(a) = -a + 44. Let w(k) = k**3 - 12*k**2 - 12*k - 19. Let m be w(13). Let u(v) = 11. Let l(y) = m*o(y) + 22*u(y). List the prime factors of l(9).
2
Let u(p) = p**3 - 20*p**2 + 89*p + 184. List the prime factors of u(32).
2, 5, 383
Suppose 2*x - 4*x + 22144 = 30*x. What are the prime factors of x?
2, 173
Let x(j) = 123*j**3 + 5*j**2 + 20. Let p(g) = -g**3 - 2*g**2 - g - 2. Let c(k) = 4*p(k) + x(k). List the prime factors of c(2).
2, 59
List the prime factors of 34689 + ((-28)/(-10))/(108/270).
2, 4337
Let o(k) = 46*k + 22. Let i(j) = 4*j**2 - 5*j - 5. Let n be i(-1). List the prime factors of o(n).
2, 103
Suppose q - 4*v - 81 = 0, 4*q + 4*v = v + 400. Suppose 0 = -h + q + 30. What are the prime factors of h?
127
Suppose -56*a = -74*a - 37*a + 37070. What are the prime factors of a?
2, 337
Let p be (1 - 1)*(-11)/22. Suppose p = 29*g - 8*g - 5838. List the prime factors of g.
2, 139
Let n(m) = -38 + m**3 + 17 + 13*m**2 + 4*m - 23*m**2. Suppose 3*y - 5*h = 30, h = -5*y + 3*h + 50. What are the prime factors of n(y)?
19
Let i(x) = 25*x**2 + 2*x - 11. Let j(v) = -v**2 - 19*v - 45. Let d be j(-16). What are the prime factors of i(d)?
2, 5, 11
Let s(m) = 14*m + 146. Let a be s(-10). Let y(v) be the first derivative of 27*v**2/2 - 38*v - 1. What are the prime factors of y(a)?
2, 31
Suppose 4*w - 30*x + 35*x = 85451, 3*w - 64094 = 2*x. What are the prime factors of w?
2, 7, 109
Suppose -5*r + 2616 = g, -2*g - 4*r = -r - 5204. Suppose 25*t = -g + 13246. What are the prime factors of t?
2, 3, 71
Let d = 172 - 153. Let s(z) = z**2 - 3*z - 105. List the prime factors of s(d).
199
Let h(w) = 3633*w**2 - 8*w - 3. List the prime factors of h(-2).
5, 2909
Let j = 223 + -218. Suppose j*x - 1955 = 170. List the prime factors of x.
5, 17
Let n(c) = c**3 - 7*c**2 + 3*c - 17. Let u = -5 + 12. Let v be n(u). Suppose -4*b + 511 = v*k + k, -2*k + 201 = 5*b. List the prime factors of k.
103
Let t = 62 + -64. Let m = t - 4. List the prime factors of (m/9 + 68/12)*22.
2, 5, 11
Suppose -18 = -3*h - 3*t, -70 = -5*h + 12*t - 9*t. Let f(q) = 104*q + 22. List the prime factors of f(h).
2, 11, 53
Suppose -34*l + 53651 - 21623 = 0. Let x = 1081 + l. List the prime factors of x.
7, 17
Let f(h) = 55*h**2 - 2*h - 129. List the prime factors of f(10).
5351
Suppose 27*v - 29*v + 210 = 0. Suppose 0 = v*k - 103*k - 794. List the prime factors of k.
397
Suppose -6*j + 141 = -1371. Suppose 0 = -5*b - 4*o - j, -3*o + 54 = -b - 5*o. List the prime factors of b*(-15)/5 - 3.
3, 47
Suppose 53*o = 58*o - 72940. What are the prime factors of o?
2, 7, 521
Suppose -w + 46 = -5*t, 4*w - 5*w = t - 40. Suppose 36*y + 1065 = w*y. List the prime factors of y.
3, 71
Suppose 4*n + 3*h - 8*h = 454, 0 = -5*n - 4*h + 588. Suppose 0 = 2*r - 12 - 26. Suppose w = n - r. What are the prime factors of w?
97
Suppose 0 = -349*x + 144*x + 662874 + 292836. List the prime factors of x.
2, 3, 7, 37
List the prime factors of (-236327)/(-13) - (13 + -4).
2, 5, 23, 79
Suppose -25 = -309*m + 304*m. Suppose -712 = -m*z - 3*k, 3*z - k = 8*z - 714. What are the prime factors of z?
11, 13
Let b(l) = 34*l + 77. Let x(a) = 2*a**2 + 5*a + 8. Let p be x(-2). List the prime factors of b(p).
281
Suppose 0 = 5*j + 40, -5*z + 5142 = 5*j - 71488. List the prime factors of z.
2, 11, 17, 41
Suppose -3*n = 5*f - 7768, 5*n = 6*n - 5*f - 2596. Let y = -1329 + n. What are the prime factors of y?
2, 631
Let l = 941 + 1997. What are the prime factors of l?
2, 13, 113
Let u(k) = 1350*k**2 + 336*k - 1. List the prime factors of u(3).
59, 223
Let m be (-3 - -7) + -2 + -7. Let v be (-3)/6 + 6/4 + m. What are the prime factors of 21/(3 - v) - (-114)/2?
2, 3, 5
Let o(h) = -h**3 - 7*h**2 + 6*h + 12. Suppose 4*c = 15*c + 88. What are the prime factors of o(c)?
2, 7
Let p = 594 - 244. Let t = p - -176. List the prime factors of t.
2, 263
What are the prime factors of (1794/8)/(3/60)?
3, 5, 13, 23
Let m(n) = 2278*n**2 - 14*n - 28. What are the prime factors of m(-3)?
2, 23, 223
Let u(m) = -17*m - 81. Let h(q) = 26 + 9*q + 23 - 5 - 4. Let f(o) = 5*h(o) + 3*u(o). List the prime factors of f(-9).
11
Suppose 46661 - 15700 = 7*s. What are the prime factors of s?
4423
Let g(l) = 111*l. Let t(x) = 110*x + 1. Let i(q) = 4*g(q) - 3*t(q). Let z be i(3). Let w = z - 199. What are the prime factors of w?
2, 5, 7
Let l be (-8 + 11)*(1 + 0). Suppose -2*w - l*w = -1575. Suppose w = 5*x + 3*p, 3*p - 254 = -4*x + p. List the prime factors of x.
2, 3, 11
Let d(p) = -p + 17. Let f be d(9). Let l be ((-42)/9)/(f/(-12)). Suppose 0 = 4*v - 133 - l. List the prime factors of v.
5, 7
Let o = -174 - -179. Suppose -4*c + 316 = -6*l + 10*l, -o*l + 95 = c. What are the prime factors of c?
3, 5
Let c be 25/3 + 12/18. Suppose -1 = 2*m - c. What are the prime factors of (-978)/(-12) + 1 + (-2)/m?
2, 41
Let r(y) = 1341*y + 3792. List the prime factors of r(18).
2, 3, 5, 7, 19
Let q = -309 - -324. What are the prime factors of (-3 + q - -11)*(-22)/(-2)?
11, 23
Let r(n) be the first derivative of 6*n + 0*n + 0*n - 8*n + 10 + 26*n**2. List the prime factors of r(1).
2, 5
Suppose 0 = -175*w + 1029813 + 929760 - 550823. List the prime factors of w.
2, 5, 7, 23
Suppose -2*b - 15*q = -11*q - 1722, -5*b + 4333 = -4*q. Suppose 1430 = 5*p - b. List the prime factors of p.
3, 17
Let m be ((-93)/(-4))/3 + (-81)/108. Let a be (-14)/m*1*(-6)/4. What are the prime factors of -13 + 152 - a*-1?
2, 71
Let a(p) = p**2 - 30*p + 21. Let z be a(17). Let s = 665 + -222. Let r = z + s. List the prime factors of r.
3
Suppose 14*r + 1012 = 10*r. Suppose -5*t + 3*t = -2*c + 78, 0 = -3*t + 4*c - 116. Let p = t - r. What are the prime factors of p?
3, 71
Suppose 1 - 16 = -5*u. Suppose u*x + 0 = 3. Suppose 1 = -2*f - x, 0 = -5*o + 2*f + 757. What are the prime factors of o?
151
Let r(s) = -s**2 + 22*s + 40. Let u be r(-3). Let v(t) = -4*t**3 - 3*t**2 + 2*t - 4. Let w be v(-3). Let i = u + w. List the prime factors of i.
2, 3
Let c(u) = 9*u**2 - 22*u - 2238. What are the prime factors of c(58)?
2, 13381
Suppose 19 = 6*d - 5. Suppose 0 = -d*i + 129 + 123. Let w = 146 - i. What are the prime factors of w?
83
What are the prime factors of (-266360)/12*((-306)/90 - -1)?
2, 6659
Suppose 17 = -3*l + 35. Suppose -4*r + s = -34, -s + 4 = l. Suppose 10*f - r*f = 150. List the prime factors of f.
3, 5
Let b be (1746 - 0)*(40/(-3))/8. Let y = b + 4651. What are the prime factors of y?
1741
List the prime factors of (-285)/24*(12 + -16)*228/10.
3, 19
Let t(h) = -2*h**2 + 15*h + 4982. What are the prime factors of t(0)?
2, 47, 53
Let x = 11 + 99. Let j = -116 + x. What are the prime factors of (-2 + 96)*j/(-12)?
47
Let k(y) = 203*y**2 - 1553*y + 22. What are the prime factors of k(-12)?
2, 5, 4789
Suppose -6*s + 11*s + 350 = 0. Let c be (-6)/24*s - (-3)/(-2). Suppose c*k - 11*k - 65 = 0. What are the prime factors of k?
13
Let h(x) = -2*x - 1. Let n(u) = u**2 + 4*u + 18. Let j(t) = h(t) + n(t). List the prime factors of j(-9).
2, 5
Suppose 38*z - 30*z = -8744. Let y = z + 2049. List the prime factors of y.
2, 239
Suppose -5*t = 2*u - 88, -3*t + 176 = 4*u + t. Suppose 4*z + n = 2853, -4*n = z - 688 - u. What are the prime factors of z?
2, 89
Let x = 21 + -16. Suppose 0*d - 110 = -x*d. List the prime factors of 21222/198 + (-4)/d.
107
Let s(h) = 12*h**2 + 112*h + 2586. List the prime factors of s(-38).
2, 7829
Suppose 0 = -s - 5*b - 155 + 493, 5*s + b = 1642. Suppose -s = -k - k. What are the prime factors of k?
2, 41
Let i = 34 - 34. Let c(o) = -o**3 + o + 63. List the prime factors of c(i).
3, 7
Let h = -1152 - -2366. Let t = h + -594. List the prime factors of t.
2, 5, 31
Suppose -5*a = r, -3*r = 2*a + r. Suppose 4*z - 2662 = -3*v, a = 4*v - 4*z - 4796 + 1284. What are the prime factors of v?
2, 3, 7
Suppose -98*y = -99*y + 5. Suppose -5*a = -4*o - 3120, -o = -a + y*a - 2496. List the prime factors of a.
2, 3, 13
Let w(z) be the third derivative of -z**6